216416?
4
What is the hundreds digit of 264765?
7
What is the hundred thousands digit of 2273523?
2
What is the ten thousands digit of 1332873?
3
What is the hundred thousands digit of 15012284?
0
What is the tens digit of 1356368?
6
What is the hundred thousands digit of 971552?
9
What is the hundred thousands digit of 197344?
1
What is the thousands digit of 91125?
1
What is the units digit of 1403113?
3
What is the hundreds digit of 8613460?
4
What is the units digit of 16237797?
7
What is the hundreds digit of 1738905?
9
What is the hundred thousands digit of 2663491?
6
What is the hundreds digit of 17820365?
3
What is the hundred thousands digit of 6768385?
7
What is the hundreds digit of 2345901?
9
What is the tens digit of 910436?
3
What is the thousands digit of 376475?
6
What is the ten thousands digit of 2615334?
1
What is the thousands digit of 1183750?
3
What is the hundred thousands digit of 594873?
5
What is the hundreds digit of 18131?
1
What is the ten thousands digit of 2373338?
7
What is the units digit of 2000139?
9
What is the units digit of 936358?
8
What is the thousands digit of 244258?
4
What is the units digit of 162743?
3
What is the ten thousands digit of 1652021?
5
What is the thousands digit of 16263244?
3
What is the ten millions digit of 16357477?
1
What is the millions digit of 9081296?
9
What is the units digit of 7650417?
7
What is the units digit of 3581080?
0
What is the hundreds digit of 154668?
6
What is the tens digit of 1131866?
6
What is the thousands digit of 2403277?
3
What is the millions digit of 2304275?
2
What is the hundreds digit of 303879?
8
What is the hundreds digit of 31243?
2
What is the thousands digit of 708592?
8
What is the ten thousands digit of 454334?
5
What is the thousands digit of 767451?
7
What is the hundred thousands digit of 8121887?
1
What is the hundreds digit of 137403?
4
What is the thousands digit of 1215224?
5
What is the units digit of 261685?
5
What is the ten thousands digit of 709960?
0
What is the hundreds digit of 4570251?
2
What is the tens digit of 1803334?
3
What is the units digit of 1798996?
6
What is the hundred thousands digit of 1583570?
5
What is the tens digit of 818862?
6
What is the millions digit of 18655473?
8
What is the hundreds digit of 564784?
7
What is the ten thousands digit of 491999?
9
What is the tens digit of 782?
8
What is the hundred thousands digit of 190337?
1
What is the units digit of 847921?
1
What is the thousands digit of 127031?
7
What is the units digit of 38946?
6
What is the millions digit of 3340768?
3
What is the units digit of 154582?
2
What is the thousands digit of 110232?
0
What is the ten thousands digit of 189987?
8
What is the thousands digit of 459785?
9
What is the hundred thousands digit of 161290?
1
What is the thousands digit of 1042259?
2
What is the thousands digit of 127488?
7
What is the thousands digit of 15844231?
4
What is the ten thousands digit of 1256664?
5
What is the tens digit of 2803947?
4
What is the units digit of 1859429?
9
What is the units digit of 417384?
4
What is the thousands digit of 5914991?
4
What is the ten thousands digit of 728470?
2
What is the thousands digit of 1495167?
5
What is the thousands digit of 1645103?
5
What is the units digit of 246031?
1
What is the hundreds digit of 7869366?
3
What is the tens digit of 18398?
9
What is the millions digit of 6108171?
6
What is the thousands digit of 1558417?
8
What is the hundreds digit of 37051?
0
What is the thousands digit of 1592161?
2
What is the hundred thousands digit of 6695205?
6
What is the ten thousands digit of 167660?
6
What is the ten thousands digit of 788559?
8
What is the ten thousands digit of 2028755?
2
What is the hundred thousands digit of 687377?
6
What is the ten thousands digit of 9128262?
2
What is the hundred thousands digit of 193699?
1
What is the thousands digit of 3584209?
4
What is the hundred thousands digit of 1778703?
7
What is the tens digit of 1999385?
8
What is the millions digit of 9370861?
9
What is the tens digit of 778315?
1
What is the hundred thousands digit of 133595?
1
What is the tens digit of 7496267?
6
What is the thousands digit of 276752?
6
What is the thousands digit of 6677382?
7
What is the ten thousands digit of 1276854?
7
What is the hundreds digit of 4301459?
4
What is the hundred thousands digit of 163855?
1
What is the hundreds digit of 2232076?
0
What is the hundred thousands digit of 1905510?
9
What is the tens digit of 206539?
3
What is the hundred thousands digit of 805747?
8
What is the hundred thousands digit of 765357?
7
What is the millions digit of 5352747?
5
What is the units digit of 273708?
8
What is the hundred thousands digit of 1116996?
1
What is the hundreds digit of 1486085?
0
What is the units digit of 14083696?
6
What is the thousands digit of 227475?
7
What is the thousands digit of 1291782?
1
What is the millions digit of 8329800?
8
What is the hundred thousands digit of 2425342?
4
What is the tens digit of 407713?
1
What is the hundreds digit of 289339?
3
What is the ten thousands digit of 17653681?
5
What is the ten thousands digit of 990187?
9
What is the thousands digit of 2507811?
7
What is the millions digit of 5530862?
5
What is the tens digit of 2308370?
7
What is the ten thousands digit of 3770127?
7
What is the ten thousands digit of 736478?
3
What is the hundred thousands digit of 102424?
1
What is the hundred thousands digit of 3027427?
0
What is the units digit of 134644?
4
What is the ten millions digit of 13381321?
1
What is the units digit of 613138?
8
What is the thousands digit of 160961?
0
What is the millions digit of 1303237?
1
What is the thousands digit of 4269840?
9
What is the hundreds digit of 284338?
3
What is the thousands digit of 828757?
8
What is the units digit of 103155?
5
What is the hundred thousands digit of 2684163?
6
What is the hundred thousands digit of 6295157?
2
What is the millions digit of 1229893?
1
What is the hundred thousands digit of 116004?
1
What is the units digit of 47246?
6
What is the hundreds digit of 249464?
4
What is the tens digit of 23659472?
7
What is the ten thousands digit of 57305?
5
What is the hundreds digit of 23718494?
4
What is the hundreds digit of 153402?
4
What is the ten thousands digit of 248949?
4
What is the ten millions digit of 18693262?
1
What is the tens digit of 42569?
6
What is the units digit of 450255?
5
What is the units digit of 226448?
8
What is the tens digit of 4231785?
8
What is the units digit of 972279?
9
What is the ten thousands digit of 645807?
4
What is the hundreds digit of 8954062?
0
What is the hundreds digit of 4300447?
4
What is the units digit of 24332422?
2
What is the ten thousands digit of 443176?
4
What is the thousands digit of 10241?
0
What is the units digit of 3383123?
3
What is the ten thousands digit of 8655566?
5
What is the hundreds digit of 4870628?
6
What is the hundred thousands digit of 6597883?
5
What is the ten thousands digit of 379214?
7
What is the units digit of 31313?
3
What is the hundred thousands digit of 129202?
1
What is the hundreds digit of 730069?
0
What is the hundreds digit of 9770105?
1
What is the thousands digit of 14870383?
0
What is the units digit of 1840843?
3
What is the tens digit of 5280648?
4
What is the millions digit of 4961160?
4
What is the hundreds digit of 2378249?
2
What is the ten thousands digit of 963272?
6
What is the units digit of 12670009?
9
What is the units digit of 181062?
2
What is the hundred thousands digit of 7185312?
1
What is the tens digit of 70156?
5
What is the ten thousands digit of 104774?
0
What is the millions digit of 8774845?
8
What is the ten thousands digit of 2787399?
8
What is the millions digit of 10211294?
0
What is the hundred thousands digit of 1850357?
8
What is the tens digit of 5621273?
7
What is the hundreds digit of 1032718?
7
What is the thousands digit of 17456299?
6
What is the tens digit of 2628520?
2
What is the hundred thousands digit of 1878598?
8
What is the thousands digit of 3673977?
3
What is the units digit of 3264343?
3
What is the tens digit of 5900823?
2
What is the hundred thousands digit of 215097?
2
What is the thousands digit of 2179077?
9
What is th